 = -j**3 - 6*j**2 + 7*j - 8. Let b be m(-7). Let c be ((-20)/6)/(b/24). Suppose -20 = -5*l - c. What is the units digit of l?
2
Let c(i) = -25*i - 2. Let x be c(9). Let j = 46 - x. What is the tens digit of j/(-65)*(0 + -10)?
4
Let c(d) = 18675*d - 81. What is the units digit of c(3)?
4
Suppose 5*j + 3*a - 30797 = 92500, -5*j = -3*a - 123303. Suppose 31*w - j = -14*w. What is the units digit of w?
8
Suppose 2 = -2*k - 2. Let i be (752/32)/(k/(-24)). Suppose -717 + i = -3*w. What is the hundreds digit of w?
1
Suppose 2892*m + 7652379 = 3039*m. What is the thousands digit of m?
2
Suppose -43*t = -t - 233772. What is the tens digit of t?
6
Suppose -o + 64 = 28. Let v = 107 - 107. Suppose -2*f - h + o = -v*h, -44 = -2*f - 3*h. What is the tens digit of f?
1
Suppose -89 - 141 = -10*q. Suppose -11*t = -q*t + 8112. What is the hundreds digit of t?
6
Let u(r) be the first derivative of 5/3*r**3 - 39 + 1/4*r**4 + 5*r - r**2. What is the hundreds digit of u(4)?
1
Suppose -2*o - 1276 = 9*o. Let v = 127 + o. Suppose v = -2*z + 13, -264 = -p - 4*z. What is the units digit of p?
0
Suppose -21*c = -26*c + 270. Suppose z - 154 = -c. Suppose -86 = -3*b + z. What is the units digit of b?
2
Suppose -39*r + 36*r + 804 = 0. Suppose 0 = -36*o + 38*o - r. What is the hundreds digit of o?
1
Suppose -6*y = -43 + 13. Suppose -4*h = -y*l + 2790 - 170, 5*l + 5*h = 2665. What is the hundreds digit of l?
5
Let y(p) = -61*p + 1356. What is the units digit of y(-52)?
8
Suppose -2*i = -15*i + 163631. What is the thousands digit of i?
2
Suppose -21*j = 5*p - 20*j - 45009, -p = -2*j - 9004. What is the tens digit of p?
0
Suppose 75 = s + y + 294, 2*y - 6 = 0. Let m = s - -334. What is the tens digit of m?
1
Suppose 0 = -c - 2 + 6. Suppose -4*o = -10*o - c*o. Suppose o = -2*b + 441 - 11. What is the tens digit of b?
1
Let n be (28/((-12)/(-3))*1*-2)/(-2). Let s(z) be the second derivative of -z**5/20 + 2*z**4/3 + 2*z**3/3 + 17*z**2/2 + z. What is the tens digit of s(n)?
9
Suppose 0 = 4*o - 3786 - 18879 + 2285. What is the hundreds digit of o?
0
Let u be 3/6*-4 - -18. Suppose 5*d + u = -3*d. What is the hundreds digit of ((-4)/(-12))/(d/(-1416))?
2
Let c = 11 - 9. Let k be 4/(-3)*(-21 + 24). What is the units digit of 264*-1*c/k?
2
Let j(p) = 3596*p**2 - 23*p + 68. What is the ten thousands digit of j(3)?
3
Let h = 117 - 110. Let c(t) = -t**2 + 7*t + 3. Let w be c(h). Suppose -4*u + w*f + 605 = 0, -3*u + f + 576 = 126. What is the hundreds digit of u?
1
Let h be (-3)/((-9)/(-2))*-210. Let v = 860 + -612. Let f = v - h. What is the hundreds digit of f?
1
Suppose j = -367 + 369. Let u = -7 + 12. Suppose -u*d - j*q + 35 = 3*q, -3*d + 5*q = -13. What is the units digit of d?
6
Suppose -4*s + 3*p + 16 = 0, -2*p + 7 = -3*s + 20. Suppose 0 = -5*l + s*l. Suppose 5*v - 427 + 87 = l. What is the tens digit of v?
6
Suppose -10 = 5*q, -20392 = 3*s + 3*q - 114085. What is the thousands digit of s?
1
Let i(x) = 2*x**2 + 5*x + 12. Let s(g) = 40*g - 4. Let z be s(1). Suppose -z = -4*j + 4*m, -1 = -j - 3*m + 2*m. What is the units digit of i(j)?
7
Suppose -957*w + 1934*w - 949*w + 2128 = 0. Suppose 2*c + c - 444 = 0. Let p = c + w. What is the units digit of p?
2
Suppose 3*x + 441 = f, -5*f - 3*x = -817 - 1316. Let u = f + -160. What is the units digit of u?
9
Suppose -5*g - 44 + 24 = 0. Let o(v) = v**3 + 5*v**2 + 3*v + 6. Let c be o(g). Suppose c*u - 151 = 9. What is the units digit of u?
6
Let p = 5518 - -5190. What is the hundreds digit of p?
7
Let j be 13/((-104)/(-168))*8/6. Suppose j*a = 23*a + 3395. Let b = -448 + a. What is the tens digit of b?
3
Suppose -2*x = 4*j - 52836, -53*j + 5*x - 26410 = -55*j. What is the thousands digit of j?
3
Let r = 20174 - -1225. What is the thousands digit of r?
1
Let f(j) = 266*j**2 - 26*j - 66. What is the tens digit of f(-8)?
6
Let v(k) = 2*k**2 + 29*k - 44. Let g(a) = 3*a**2 + 43*a - 67. Let j(q) = -5*g(q) + 7*v(q). What is the units digit of j(-8)?
9
Suppose 0 = -3*k - p + 58352, -5*p + 142684 = 5*k + 45414. What is the units digit of k?
9
Let j(y) = -y**3 + 2*y + 4. Let d be j(-3). Let w(h) = -h**3 + 28*h**2 - 66*h + 25. What is the tens digit of w(d)?
5
Suppose -34*q + 20558 + 70694 + 28632 = 0. What is the tens digit of q?
2
Let l = -9654 + 16491. What is the units digit of l/106*40/6?
0
Let z = 16278 + -10886. What is the thousands digit of z?
5
Let m = -137 - -26. Let k = m + 70. Let v = 0 - k. What is the tens digit of v?
4
Let q be 10/25*(-11 - -1)*-81. Let i = 115 + q. What is the hundreds digit of i?
4
Suppose -3*w = -3*r - 17724 + 117240, -r = 5*w - 33190. What is the hundreds digit of r?
1
Let p be 5/10 + 2/(-4) + 24. Suppose p = 2*l + l. Suppose 2*g = m - 38, m = -l*g + 3*g + 24. What is the units digit of m?
4
Let m(l) = -4*l**2 - 6*l - 15. Let w(v) = v**2 - v. Let u(k) = m(k) + 3*w(k). Let o be u(-5). Suppose 2*p + 45 = o*p. What is the tens digit of p?
1
Let j = -36 - -116. Suppose 6*m - j = -8. Suppose -261 = -m*k + 9*k. What is the units digit of k?
7
Suppose 4*y + 3*z = 29330, y + 531 - 7873 = 4*z. What is the units digit of y?
4
Let w = 44 - 42. Suppose 26 = -5*o + w*x, 4*x = -o + 3*o + 20. What is the units digit of o - -2 - 1 - (1 + -82)?
8
Let b(t) be the third derivative of 41*t**5/60 - t**3 - 69*t**2 + 1. What is the tens digit of b(2)?
5
Suppose 51*a = 37*a - 98. What is the thousands digit of -8 + 1512 + 16 + a?
1
Suppose 2*f = -j + 6, -3*f + 5*j + 9 = 2*j. Suppose k + f*d - 6 = 2*d, 5*k = -3*d + 30. Suppose -v - 445 = -k*v. What is the tens digit of v?
8
Suppose -4*s - b + 946 = -6*b, 2*s + 2*b = 482. What is the tens digit of s?
3
Suppose -4 = -3*l + 4*y, -23*y + 22*y = -5*l - 16. What is the units digit of (-26)/l*(145 - 69)?
4
Let x(m) = 3*m + 30. Let h(t) = 4*t + 32. Let z(k) = 6*h(k) - 5*x(k). Let f be z(14). Suppose 7*o = 4*o + q + 504, q - f = -o. What is the tens digit of o?
6
Let k = -72 + 65. Let y(i) = -i**3 + 7*i**2 - 15*i - 6. What is the units digit of y(k)?
5
Suppose -4*o + 11 = -3*y, 5*y - 6*o + 2*o = -5. Suppose -2*u + 0*u = -y*a + 540, -5*a = u - 913. Suppose -23*s + a = -21*s. What is the tens digit of s?
9
Suppose -6*j + 33001 = 529. What is the units digit of j?
2
Suppose 0 = 144*s + 195*s - 9412335. What is the ten thousands digit of s?
2
Let c = 3403 - 2699. What is the hundreds digit of c?
7
Suppose -2*n = s - 1755, 50*n - 53*n - 5247 = -3*s. What is the hundreds digit of s?
7
Let c be (2 - -1)*16/24. Suppose -w - 2*v = 0, 4*w - c*v - 16 = w. What is the units digit of (w - 4 - 1) + 40?
9
Suppose 39337 + 25603 = -5303*m + 5320*m. What is the thousands digit of m?
3
Let y = -1953 + 3333. Suppose 53*f - 50*f = y. What is the units digit of f?
0
What is the hundreds digit of 1980/(-540) + (-21341)/(-3)?
1
Suppose -2*a - 89 - 121 = 0. Let d = 244 - a. What is the tens digit of d?
4
Let y(l) = 2*l**2 + 8*l + 4. Let z be y(-5). Suppose z*d - 3711 = 3219. What is the tens digit of d?
9
Suppose 10*y = 135938 - 38088. Suppose 0 = 5*p + c - y, -37*p = -42*p + c + 9795. What is the tens digit of p?
5
Let a = -7270 - -19932. What is the thousands digit of a?
2
Let i = 10333 + -4914. What is the tens digit of i?
1
What is the units digit of 8721580/200 + 4/40?
8
What is the units digit of 72/240 + -4 + 98107/10?
7
Suppose 26356 + 24343 = 2*v + j, v + 5*j - 25318 = 0. What is the ten thousands digit of v?
2
Let g(l) be the third derivative of -l**6/120 + l**5/5 + l**4/8 - 5*l**3 - l**2. Let x = 11038 - 11026. What is the units digit of g(x)?
6
Suppose -5112 = -8*c + 672. What is the hundreds digit of c?
7
Let o = -53 - -54. Let n be (o - -1) + 74*(-18)/(-4). Let t = n + -173. What is the units digit of t?
2
Let z(y) = -y**3 + 3*y**2 + y + 2. Let j be z(3). Suppose f - 2*v - 133 = 0, -j*f + 6*f - 127 = 4*v. What is the units digit of f?
9
Let b(g) = -g**3 - 57*g**2 - 83*g - 227. What is the thousands digit of b(-56)?
1
Let v be (-12)/(-3)*38/8. Suppose -v*u - 3650 + 22821 = 0. What is the thousands digit of u?
1
Let i(g) be the third derivative of g**5/60 - 5*g**4/24 + 5*g**3/6 + 27*g**2. Let t be i(3). What is the units digit of 2/8 + 441/12 - t?
8
Suppose -2*z + 227609 = 22*z - 387391. What is the ten thousands digit of z?
2
Suppose 2*l - 8 - 10 = 4*z, -5*l - 2*z + 93 = 0. Suppose -2*t - l = -5*x + 29, 2*t = 4